{"id":1671,"date":"2024-07-24T23:10:35","date_gmt":"2024-07-24T23:10:35","guid":{"rendered":"https:\/\/moreau.qodeinteractive.com\/?page_id=1671"},"modified":"2024-12-01T07:19:42","modified_gmt":"2024-12-01T07:19:42","slug":"contact-us","status":"publish","type":"page","link":"https:\/\/2024.seodef.com\/index.php\/contact-us\/","title":{"rendered":"Kontakt"},"content":{"rendered":"\t\t<div data-elementor-type=\"wp-page\" data-elementor-id=\"1671\" class=\"elementor elementor-1671\">\n\t\t\t\t<div class=\"elementor-element elementor-element-046238f e-con-full e-flex convert--none scrubbed__false pinned__false bg--none no qodef-custom-cursor--deactivate e-con e-parent\" data-id=\"046238f\" data-element_type=\"container\" data-e-type=\"container\" data-settings=\"{&quot;background_background&quot;:&quot;classic&quot;}\">\n\t\t<div class=\"elementor-element elementor-element-55c535b e-con-full e-flex convert--none scrubbed__false pinned__false bg--none no qodef-custom-cursor--deactivate e-con e-child\" data-id=\"55c535b\" data-element_type=\"container\" data-e-type=\"container\">\n\t\t\t\t<div class=\"elementor-element elementor-element-b2c92b1 elementor-widget elementor-widget-moreau_core_google_map\" data-id=\"b2c92b1\" data-element_type=\"widget\" data-e-type=\"widget\" data-widget_type=\"moreau_core_google_map.default\">\n\t\t\t\t<div class=\"elementor-widget-container\">\n\t\t\t\t\t<div class=\"qodef-shortcode qodef-m  qodef-google-map\">\n\t<div class=\"qodef-m-map\" id=\"qodef-map-id--179\" data-addresses='[\"NYC DC, USA 4356-China Town 32 NYC, USA\"]' data-pin=https:\/\/2024.seodef.com\/wp-content\/plugins\/moreau-core\/inc\/maps\/assets\/img\/pin.png data-unique-id=179 data-height=640><\/div>\n<\/div>\n\t\t\t\t<\/div>\n\t\t\t\t<\/div>\n\t\t\t\t<\/div>\n\t\t\t\t<\/div>\n\t\t<div class=\"elementor-element elementor-element-fe60f97 e-con-full e-flex convert--none scrubbed__false pinned__false bg--none no qodef-custom-cursor--deactivate e-con e-parent\" data-id=\"fe60f97\" data-element_type=\"container\" data-e-type=\"container\">\n\t\t\t\t<div class=\"elementor-element elementor-element-9e5a8f5 elementor-widget elementor-widget-moreau_core_section_title\" data-id=\"9e5a8f5\" data-element_type=\"widget\" data-e-type=\"widget\" data-widget_type=\"moreau_core_section_title.default\">\n\t\t\t\t<div class=\"elementor-widget-container\">\n\t\t\t\t\t<div class=\"qodef-shortcode qodef-m  qodef-section-title qodef-alignment--left \">\n\t\t<div class=\"qodef-m-tagline\" >\n\t\t<span class=\"qodef-m-tagline-icon\"><\/span>\n\t\t<span class=\"qodef-m-tagline-text\">\n\t\t\t\t\t\t\tKontakt_zu_uns\t\t\t\t\t<\/span>\n\t<\/div>\n\t\t<\/div>\n\t\t\t\t<\/div>\n\t\t\t\t<\/div>\n\t\t\t\t<\/div>\n\t\t<div class=\"elementor-element elementor-element-fcc6c28 e-con-full e-flex convert--none scrubbed__false pinned__false bg--none no qodef-custom-cursor--deactivate e-con e-parent\" data-id=\"fcc6c28\" data-element_type=\"container\" data-e-type=\"container\">\n\t\t<div class=\"elementor-element elementor-element-ce2443a e-con-full e-flex convert--none scrubbed__false pinned__false bg--none no qodef-custom-cursor--deactivate e-con e-child\" data-id=\"ce2443a\" data-element_type=\"container\" data-e-type=\"container\">\n\t\t\t\t<div class=\"elementor-element elementor-element-3e5934a elementor-widget__width-initial elementor-widget elementor-widget-moreau_core_section_title\" data-id=\"3e5934a\" data-element_type=\"widget\" data-e-type=\"widget\" data-widget_type=\"moreau_core_section_title.default\">\n\t\t\t\t<div class=\"elementor-widget-container\">\n\t\t\t\t\t<div class=\"qodef-shortcode qodef-m  qodef-section-title qodef-alignment--left qodef-title-break--disabled\">\n\t\t\t<h1 class=\"qodef-m-title\" >\n\t\t\t\t\tWie k\u00f6nnen wir Ihnen helfen?\t\t\t<\/h1>\n\t<\/div>\n\t\t\t\t<\/div>\n\t\t\t\t<\/div>\n\t\t\t\t<div class=\"elementor-element elementor-element-5796df4 elementor-widget__width-initial elementor-widget elementor-widget-wp-widget-moreau_core_contact_form_7\" data-id=\"5796df4\" data-element_type=\"widget\" data-e-type=\"widget\" data-widget_type=\"wp-widget-moreau_core_contact_form_7.default\">\n\t\t\t\t<div class=\"elementor-widget-container\">\n\t\t\t\t\t\t\t\t<div class=\"qodef-contact-form-7\">\n\t\t\t\t\n<div class=\"wpcf7 no-js\" id=\"wpcf7-f481-o1\" lang=\"en-US\" dir=\"ltr\" data-wpcf7-id=\"481\">\n<div class=\"screen-reader-response\"><p role=\"status\" aria-live=\"polite\" aria-atomic=\"true\"><\/p> <ul><\/ul><\/div>\n<form action=\"\/index.php\/wp-json\/wp\/v2\/pages\/1671#wpcf7-f481-o1\" method=\"post\" class=\"wpcf7-form init\" aria-label=\"Contact form\" novalidate=\"novalidate\" data-status=\"init\">\n<fieldset class=\"hidden-fields-container\"><input type=\"hidden\" name=\"_wpcf7\" value=\"481\" \/><input type=\"hidden\" name=\"_wpcf7_version\" value=\"6.1.5\" \/><input type=\"hidden\" name=\"_wpcf7_locale\" value=\"en_US\" \/><input type=\"hidden\" name=\"_wpcf7_unit_tag\" value=\"wpcf7-f481-o1\" \/><input type=\"hidden\" name=\"_wpcf7_container_post\" value=\"0\" \/><input type=\"hidden\" name=\"_wpcf7_posted_data_hash\" value=\"\" \/>\n<\/fieldset>\n<div class=\"qodef--standard-contact-form\">\n<span class=\"wpcf7-form-control-wrap\" data-name=\"your-email\"><input size=\"40\" maxlength=\"400\" class=\"wpcf7-form-control wpcf7-email wpcf7-validates-as-required wpcf7-text wpcf7-validates-as-email\" aria-required=\"true\" aria-invalid=\"false\" placeholder=\"E-Mail\" value=\"\" type=\"email\" name=\"your-email\" \/><\/span> \n<i>Technischer Hinweis: Um eine Best\u00e4tigung Ihrer Nachricht zu erhalten, empfehlen wir die Nutzung einer regul\u00e4ren E-Mail-Adresse. Aus Sicherheitsgr\u00fcnden blockiert unser System manche kostenlosen oder einmalig nutzbaren E-Mail-Dienste.<\/i>\n<br>\n<div class=\"qodef-grid qodef-layout--columns qodef-responsive--custom qodef-col-num--2 qodef-col-num--680--1 qodef-col-num--480--1\"><div class=\"qodef-grid-inner\">\n<br>\n<div class=\"qodef-grid-item\"><span class=\"wpcf7-form-control-wrap\" data-name=\"first-name\"><input size=\"40\" maxlength=\"400\" class=\"wpcf7-form-control wpcf7-text wpcf7-validates-as-required\" aria-required=\"true\" aria-invalid=\"false\" placeholder=\"Vorname\" value=\"\" type=\"text\" name=\"first-name\" \/><\/span><\/div>\n<div class=\"qodef-grid-item\"><span class=\"wpcf7-form-control-wrap\" data-name=\"last-name\"><input size=\"40\" maxlength=\"400\" class=\"wpcf7-form-control wpcf7-text wpcf7-validates-as-required\" aria-required=\"true\" aria-invalid=\"false\" placeholder=\"Nachname\" value=\"\" type=\"text\" name=\"last-name\" \/><\/span><\/div>\n<\/div><\/div>\n<span class=\"wpcf7-form-control-wrap\" data-name=\"your-message\"><textarea cols=\"40\" rows=\"5\" maxlength=\"2000\" class=\"wpcf7-form-control wpcf7-textarea\" aria-invalid=\"false\" placeholder=\"Ihre Nachricht\" name=\"your-message\"><\/textarea><\/span>\n<span class=\"wpcf7-form-control-wrap\" data-name=\"quiz-307\"><label><span class=\"wpcf7-quiz-label\">Weihnachten ist im Monat...?<\/span> <input size=\"40\" class=\"wpcf7-form-control wpcf7-quiz\" autocomplete=\"off\" aria-required=\"true\" aria-invalid=\"false\" type=\"text\" name=\"quiz-307\" \/><\/label><input type=\"hidden\" name=\"_wpcf7_quiz_answer_quiz-307\" value=\"e3e0fbb0f363bee988a0b1966ea24e67\" \/><\/span> \n<span id=\"wpcf7-69e23d1876d53-wrapper\" class=\"wpcf7-form-control-wrap honeypot-288-wrap\" style=\"display:none !important; visibility:hidden !important;\"><label for=\"wpcf7-69e23d1876d53-field\" class=\"hp-message\">Please leave this field empty.<\/label><input id=\"wpcf7-69e23d1876d53-field\"  class=\"wpcf7-form-control wpcf7-text\" type=\"text\" name=\"honeypot-288\" value=\"\" size=\"40\" tabindex=\"-1\" autocomplete=\"new-password\" \/><\/span>\n<button class=\"wpcf7-form-control wpcf7-submit qodef-button qodef-size--normal qodef-layout--filled qodef-m qodef-text-shuffle\" type=\"submit\"><span class=\"qodef-m-text\">Nachricht_senden<\/span><\/button>\n<\/div><div class=\"wpcf7-response-output\" aria-hidden=\"true\"><\/div>\n<\/form>\n<\/div>\n\t\t\t<\/div>\n\t\t\t\t\t\t\t<\/div>\n\t\t\t\t<\/div>\n\t\t\t\t<\/div>\n\t\t<div class=\"elementor-element elementor-element-072502a e-con-full e-flex convert--none scrubbed__false pinned__false bg--none no qodef-custom-cursor--deactivate e-con e-child\" data-id=\"072502a\" data-element_type=\"container\" data-e-type=\"container\">\n\t\t<div class=\"elementor-element elementor-element-2d31a86 e-con-full e-flex convert--none scrubbed__false pinned__false bg--none no qodef-custom-cursor--deactivate e-con e-child\" data-id=\"2d31a86\" data-element_type=\"container\" data-e-type=\"container\">\n\t\t<div class=\"elementor-element elementor-element-52ea14c e-con-full e-flex convert--none scrubbed__false pinned__false bg--none no qodef-custom-cursor--deactivate e-con e-child\" data-id=\"52ea14c\" data-element_type=\"container\" data-e-type=\"container\">\n\t\t\t\t<div class=\"elementor-element elementor-element-749b961 elementor-widget elementor-widget-text-editor\" data-id=\"749b961\" data-element_type=\"widget\" data-e-type=\"widget\" data-widget_type=\"text-editor.default\">\n\t\t\t\t<div class=\"elementor-widget-container\">\n\t\t\t\t\t\t\t\t\t<h5><strong>RIEDEN<\/strong><\/h5>\t\t\t\t\t\t\t\t<\/div>\n\t\t\t\t<\/div>\n\t\t\t\t<div class=\"elementor-element elementor-element-ff0b95a elementor-widget elementor-widget-text-editor\" data-id=\"ff0b95a\" data-element_type=\"widget\" data-e-type=\"widget\" data-widget_type=\"text-editor.default\">\n\t\t\t\t<div class=\"elementor-widget-container\">\n\t\t\t\t\t\t\t\t\t<p>VERWALTUNG<\/p><p>KIRCHSTR. 29<br \/>56745 RIEDEN<br \/>DEUTSCHLAND<\/p>\t\t\t\t\t\t\t\t<\/div>\n\t\t\t\t<\/div>\n\t\t\t\t<div class=\"elementor-element elementor-element-5044be7 elementor-widget elementor-widget-text-editor\" data-id=\"5044be7\" data-element_type=\"widget\" data-e-type=\"widget\" data-widget_type=\"text-editor.default\">\n\t\t\t\t<div class=\"elementor-widget-container\">\n\t\t\t\t\t\t\t\t\t<p>+49 (0) 2655 .\u00a0<\/p>\t\t\t\t\t\t\t\t<\/div>\n\t\t\t\t<\/div>\n\t\t\t\t<\/div>\n\t\t<div class=\"elementor-element elementor-element-e57dfd0 e-con-full e-flex convert--none scrubbed__false pinned__false bg--none no qodef-custom-cursor--deactivate e-con e-child\" data-id=\"e57dfd0\" data-element_type=\"container\" data-e-type=\"container\">\n\t\t\t\t<div class=\"elementor-element elementor-element-862284f elementor-widget elementor-widget-text-editor\" data-id=\"862284f\" data-element_type=\"widget\" data-e-type=\"widget\" data-widget_type=\"text-editor.default\">\n\t\t\t\t<div class=\"elementor-widget-container\">\n\t\t\t\t\t\t\t\t\t<h5><strong>MAYEN<\/strong><\/h5>\t\t\t\t\t\t\t\t<\/div>\n\t\t\t\t<\/div>\n\t\t\t\t<div class=\"elementor-element elementor-element-303a75e elementor-widget elementor-widget-text-editor\" data-id=\"303a75e\" data-element_type=\"widget\" data-e-type=\"widget\" data-widget_type=\"text-editor.default\">\n\t\t\t\t<div class=\"elementor-widget-container\">\n\t\t\t\t\t\t\t\t\t<p>POSTANSCHRIFT<\/p><p>POSTFACH 11 53<br \/>56701 MAYEN<br \/>DEUTSCHLAND<\/p>\t\t\t\t\t\t\t\t<\/div>\n\t\t\t\t<\/div>\n\t\t\t\t<\/div>\n\t\t<div class=\"elementor-element elementor-element-eb0080a e-con-full e-flex convert--none scrubbed__false pinned__false bg--none no qodef-custom-cursor--deactivate e-con e-child\" data-id=\"eb0080a\" data-element_type=\"container\" data-e-type=\"container\">\n\t\t\t\t<div class=\"elementor-element elementor-element-c7630c2 elementor-widget elementor-widget-text-editor\" data-id=\"c7630c2\" data-element_type=\"widget\" data-e-type=\"widget\" data-widget_type=\"text-editor.default\">\n\t\t\t\t<div class=\"elementor-widget-container\">\n\t\t\t\t\t\t\t\t\t<h5>Berlin<\/h5>\t\t\t\t\t\t\t\t<\/div>\n\t\t\t\t<\/div>\n\t\t\t\t<div class=\"elementor-element elementor-element-21db823 elementor-widget elementor-widget-text-editor\" data-id=\"21db823\" data-element_type=\"widget\" data-e-type=\"widget\" data-widget_type=\"text-editor.default\">\n\t\t\t\t<div class=\"elementor-widget-container\">\n\t\t\t\t\t\t\t\t\t<p><a href=\"https:\/\/www.google.com\/maps\/place\/28010+Cavaglietto,+Province+of+Novara,+Italy\/@45.6019614,8.4974264,17z\/data=!3m1!4b1!4m10!1m2!2m1!1sVia+Nicola,+italy+28010-Cavaglietto+NO!3m6!1s0x478669ebf8dbc445:0xf96f8523091042d2!8m2!3d45.6037227!4d8.501809!15sCiZWaWEgTmljb2xhLCBpdGFseSAyODAxMC1DYXZhZ2xpZXR0byBOT5IBCGxvY2FsaXR54AEA!16zL20vMGc4c3Nz?entry=ttu\">Das Strcashe, DE<\/a><br \/><a href=\"https:\/\/www.google.com\/maps\/place\/28010+Cavaglietto,+Province+of+Novara,+Italy\/@45.6019614,8.4974264,17z\/data=!3m1!4b1!4m10!1m2!2m1!1sVia+Nicola,+italy+28010-Cavaglietto+NO!3m6!1s0x478669ebf8dbc445:0xf96f8523091042d2!8m2!3d45.6037227!4d8.501809!15sCiZWaWEgTmljb2xhLCBpdGFseSAyODAxMC1DYXZhZ2xpZXR0byBOT5IBCGxvY2FsaXR54AEA!16zL20vMGc4c3Nz?entry=ttu\">1233-Berlin Street 12<\/a><br \/><a href=\"https:\/\/www.google.com\/maps\/place\/28010+Cavaglietto,+Province+of+Novara,+Italy\/@45.6019614,8.4974264,17z\/data=!3m1!4b1!4m10!1m2!2m1!1sVia+Nicola,+italy+28010-Cavaglietto+NO!3m6!1s0x478669ebf8dbc445:0xf96f8523091042d2!8m2!3d45.6037227!4d8.501809!15sCiZWaWEgTmljb2xhLCBpdGFseSAyODAxMC1DYXZhZ2xpZXR0byBOT5IBCGxvY2FsaXR54AEA!16zL20vMGc4c3Nz?entry=ttu\">Germany, EU<\/a><\/p>\t\t\t\t\t\t\t\t<\/div>\n\t\t\t\t<\/div>\n\t\t\t\t<div class=\"elementor-element elementor-element-f3f0899 elementor-widget elementor-widget-text-editor\" data-id=\"f3f0899\" data-element_type=\"widget\" data-e-type=\"widget\" data-widget_type=\"text-editor.default\">\n\t\t\t\t<div class=\"elementor-widget-container\">\n\t\t\t\t\t\t\t\t\t<p><a href=\"tel:(012)3456-789\">(012)3456-789<\/a><\/p>\t\t\t\t\t\t\t\t<\/div>\n\t\t\t\t<\/div>\n\t\t\t\t<\/div>\n\t\t<div class=\"elementor-element elementor-element-6c8942d e-con-full e-flex convert--none scrubbed__false pinned__false bg--none no qodef-custom-cursor--deactivate e-con e-child\" data-id=\"6c8942d\" data-element_type=\"container\" data-e-type=\"container\">\n\t\t\t\t<div class=\"elementor-element elementor-element-bf60762 elementor-widget elementor-widget-text-editor\" data-id=\"bf60762\" data-element_type=\"widget\" data-e-type=\"widget\" data-widget_type=\"text-editor.default\">\n\t\t\t\t<div class=\"elementor-widget-container\">\n\t\t\t\t\t\t\t\t\t<h5>New York<\/h5>\t\t\t\t\t\t\t\t<\/div>\n\t\t\t\t<\/div>\n\t\t\t\t<div class=\"elementor-element elementor-element-0380918 elementor-widget elementor-widget-text-editor\" data-id=\"0380918\" data-element_type=\"widget\" data-e-type=\"widget\" data-widget_type=\"text-editor.default\">\n\t\t\t\t<div class=\"elementor-widget-container\">\n\t\t\t\t\t\t\t\t\t<p><a href=\"https:\/\/www.google.com\/maps\/place\/28010+Cavaglietto,+Province+of+Novara,+Italy\/@45.6019614,8.4974264,17z\/data=!3m1!4b1!4m10!1m2!2m1!1sVia+Nicola,+italy+28010-Cavaglietto+NO!3m6!1s0x478669ebf8dbc445:0xf96f8523091042d2!8m2!3d45.6037227!4d8.501809!15sCiZWaWEgTmljb2xhLCBpdGFseSAyODAxMC1DYXZhZ2xpZXR0byBOT5IBCGxvY2FsaXR54AEA!16zL20vMGc4c3Nz?entry=ttu\">NYC DC, USA<\/a><br \/><a href=\"https:\/\/www.google.com\/maps\/place\/28010+Cavaglietto,+Province+of+Novara,+Italy\/@45.6019614,8.4974264,17z\/data=!3m1!4b1!4m10!1m2!2m1!1sVia+Nicola,+italy+28010-Cavaglietto+NO!3m6!1s0x478669ebf8dbc445:0xf96f8523091042d2!8m2!3d45.6037227!4d8.501809!15sCiZWaWEgTmljb2xhLCBpdGFseSAyODAxMC1DYXZhZ2xpZXR0byBOT5IBCGxvY2FsaXR54AEA!16zL20vMGc4c3Nz?entry=ttu\">4356-China Town 32<\/a><br \/><a href=\"https:\/\/www.google.com\/maps\/place\/28010+Cavaglietto,+Province+of+Novara,+Italy\/@45.6019614,8.4974264,17z\/data=!3m1!4b1!4m10!1m2!2m1!1sVia+Nicola,+italy+28010-Cavaglietto+NO!3m6!1s0x478669ebf8dbc445:0xf96f8523091042d2!8m2!3d45.6037227!4d8.501809!15sCiZWaWEgTmljb2xhLCBpdGFseSAyODAxMC1DYXZhZ2xpZXR0byBOT5IBCGxvY2FsaXR54AEA!16zL20vMGc4c3Nz?entry=ttu\">NYC, USA<\/a><\/p>\t\t\t\t\t\t\t\t<\/div>\n\t\t\t\t<\/div>\n\t\t\t\t<div class=\"elementor-element elementor-element-bb36b63 elementor-widget elementor-widget-text-editor\" data-id=\"bb36b63\" data-element_type=\"widget\" data-e-type=\"widget\" data-widget_type=\"text-editor.default\">\n\t\t\t\t<div class=\"elementor-widget-container\">\n\t\t\t\t\t\t\t\t\t<p><a href=\"tel:(012)3456-789\">(012)3456-789<\/a><\/p>\t\t\t\t\t\t\t\t<\/div>\n\t\t\t\t<\/div>\n\t\t\t\t<\/div>\n\t\t<div class=\"elementor-element elementor-element-41ad629 e-con-full e-flex convert--none scrubbed__false pinned__false bg--none no qodef-custom-cursor--deactivate e-con e-child\" data-id=\"41ad629\" data-element_type=\"container\" data-e-type=\"container\">\n\t\t\t\t<div class=\"elementor-element elementor-element-5e6fbc2 elementor-widget elementor-widget-text-editor\" data-id=\"5e6fbc2\" data-element_type=\"widget\" data-e-type=\"widget\" data-widget_type=\"text-editor.default\">\n\t\t\t\t<div class=\"elementor-widget-container\">\n\t\t\t\t\t\t\t\t\t<h5>Venice<\/h5>\t\t\t\t\t\t\t\t<\/div>\n\t\t\t\t<\/div>\n\t\t\t\t<div class=\"elementor-element elementor-element-8a75b92 elementor-widget elementor-widget-text-editor\" data-id=\"8a75b92\" data-element_type=\"widget\" data-e-type=\"widget\" data-widget_type=\"text-editor.default\">\n\t\t\t\t<div class=\"elementor-widget-container\">\n\t\t\t\t\t\t\t\t\t<p><a href=\"https:\/\/www.google.com\/maps\/place\/28010+Cavaglietto,+Province+of+Novara,+Italy\/@45.6019614,8.4974264,17z\/data=!3m1!4b1!4m10!1m2!2m1!1sVia+Nicola,+italy+28010-Cavaglietto+NO!3m6!1s0x478669ebf8dbc445:0xf96f8523091042d2!8m2!3d45.6037227!4d8.501809!15sCiZWaWEgTmljb2xhLCBpdGFseSAyODAxMC1DYXZhZ2xpZXR0byBOT5IBCGxvY2FsaXR54AEA!16zL20vMGc4c3Nz?entry=ttu\">Via Nicola, Italy<\/a><br \/><a href=\"https:\/\/www.google.com\/maps\/place\/28010+Cavaglietto,+Province+of+Novara,+Italy\/@45.6019614,8.4974264,17z\/data=!3m1!4b1!4m10!1m2!2m1!1sVia+Nicola,+italy+28010-Cavaglietto+NO!3m6!1s0x478669ebf8dbc445:0xf96f8523091042d2!8m2!3d45.6037227!4d8.501809!15sCiZWaWEgTmljb2xhLCBpdGFseSAyODAxMC1DYXZhZ2xpZXR0byBOT5IBCGxvY2FsaXR54AEA!16zL20vMGc4c3Nz?entry=ttu\">28010-Cavaglietto NO<\/a><br \/><a href=\"https:\/\/www.google.com\/maps\/place\/28010+Cavaglietto,+Province+of+Novara,+Italy\/@45.6019614,8.4974264,17z\/data=!3m1!4b1!4m10!1m2!2m1!1sVia+Nicola,+italy+28010-Cavaglietto+NO!3m6!1s0x478669ebf8dbc445:0xf96f8523091042d2!8m2!3d45.6037227!4d8.501809!15sCiZWaWEgTmljb2xhLCBpdGFseSAyODAxMC1DYXZhZ2xpZXR0byBOT5IBCGxvY2FsaXR54AEA!16zL20vMGc4c3Nz?entry=ttu\">Italy, EU<\/a><\/p>\t\t\t\t\t\t\t\t<\/div>\n\t\t\t\t<\/div>\n\t\t\t\t<div class=\"elementor-element elementor-element-615c11b elementor-widget elementor-widget-text-editor\" data-id=\"615c11b\" data-element_type=\"widget\" data-e-type=\"widget\" data-widget_type=\"text-editor.default\">\n\t\t\t\t<div class=\"elementor-widget-container\">\n\t\t\t\t\t\t\t\t\t<p><a href=\"tel:(012)3456-789\">(012)3456-789<\/a><\/p>\t\t\t\t\t\t\t\t<\/div>\n\t\t\t\t<\/div>\n\t\t\t\t<\/div>\n\t\t<div class=\"elementor-element elementor-element-1721df8 e-con-full e-flex convert--none scrubbed__false pinned__false bg--none no qodef-custom-cursor--deactivate e-con e-child\" data-id=\"1721df8\" data-element_type=\"container\" data-e-type=\"container\">\n\t\t\t\t<div class=\"elementor-element elementor-element-33b01af elementor-widget elementor-widget-text-editor\" data-id=\"33b01af\" data-element_type=\"widget\" data-e-type=\"widget\" data-widget_type=\"text-editor.default\">\n\t\t\t\t<div class=\"elementor-widget-container\">\n\t\t\t\t\t\t\t\t\t<h5>Oslo<\/h5>\t\t\t\t\t\t\t\t<\/div>\n\t\t\t\t<\/div>\n\t\t\t\t<div class=\"elementor-element elementor-element-50cfb4e elementor-widget elementor-widget-text-editor\" data-id=\"50cfb4e\" data-element_type=\"widget\" data-e-type=\"widget\" data-widget_type=\"text-editor.default\">\n\t\t\t\t<div class=\"elementor-widget-container\">\n\t\t\t\t\t\t\t\t\t<p><a href=\"https:\/\/www.google.com\/maps\/place\/28010+Cavaglietto,+Province+of+Novara,+Italy\/@45.6019614,8.4974264,17z\/data=!3m1!4b1!4m10!1m2!2m1!1sVia+Nicola,+italy+28010-Cavaglietto+NO!3m6!1s0x478669ebf8dbc445:0xf96f8523091042d2!8m2!3d45.6037227!4d8.501809!15sCiZWaWEgTmljb2xhLCBpdGFseSAyODAxMC1DYXZhZ2xpZXR0byBOT5IBCGxvY2FsaXR54AEA!16zL20vMGc4c3Nz?entry=ttu\">Oslo Road, Norway<\/a><br \/><a href=\"https:\/\/www.google.com\/maps\/place\/28010+Cavaglietto,+Province+of+Novara,+Italy\/@45.6019614,8.4974264,17z\/data=!3m1!4b1!4m10!1m2!2m1!1sVia+Nicola,+italy+28010-Cavaglietto+NO!3m6!1s0x478669ebf8dbc445:0xf96f8523091042d2!8m2!3d45.6037227!4d8.501809!15sCiZWaWEgTmljb2xhLCBpdGFseSAyODAxMC1DYXZhZ2xpZXR0byBOT5IBCGxvY2FsaXR54AEA!16zL20vMGc4c3Nz?entry=ttu\">23547-Ackershus, 23b<\/a><br \/><a href=\"https:\/\/www.google.com\/maps\/place\/28010+Cavaglietto,+Province+of+Novara,+Italy\/@45.6019614,8.4974264,17z\/data=!3m1!4b1!4m10!1m2!2m1!1sVia+Nicola,+italy+28010-Cavaglietto+NO!3m6!1s0x478669ebf8dbc445:0xf96f8523091042d2!8m2!3d45.6037227!4d8.501809!15sCiZWaWEgTmljb2xhLCBpdGFseSAyODAxMC1DYXZhZ2xpZXR0byBOT5IBCGxvY2FsaXR54AEA!16zL20vMGc4c3Nz?entry=ttu\">Norway, EU<\/a><\/p>\t\t\t\t\t\t\t\t<\/div>\n\t\t\t\t<\/div>\n\t\t\t\t<div class=\"elementor-element elementor-element-47906f8 elementor-widget elementor-widget-text-editor\" data-id=\"47906f8\" data-element_type=\"widget\" data-e-type=\"widget\" data-widget_type=\"text-editor.default\">\n\t\t\t\t<div class=\"elementor-widget-container\">\n\t\t\t\t\t\t\t\t\t<p><a href=\"tel:(012)3456-789\">(012)3456-789<\/a><\/p>\t\t\t\t\t\t\t\t<\/div>\n\t\t\t\t<\/div>\n\t\t\t\t<\/div>\n\t\t\t\t<\/div>\n\t\t\t\t<\/div>\n\t\t\t\t<\/div>\n\t\t<div class=\"elementor-element elementor-element-9d02d0c e-flex e-con-boxed convert--none scrubbed__false pinned__false bg--none no qodef-custom-cursor--deactivate e-con e-parent\" data-id=\"9d02d0c\" data-element_type=\"container\" data-e-type=\"container\" data-settings=\"{&quot;background_background&quot;:&quot;classic&quot;}\">\n\t\t\t\t\t<div class=\"e-con-inner\">\n\t\t\t\t\t<\/div>\n\t\t\t\t<\/div>\n\t\t\t\t<\/div>\n\t\t","protected":false},"excerpt":{"rendered":"<p>Kontakt_zu_uns Wie k\u00f6nnen wir Ihnen helfen? RIEDEN VERWALTUNG KIRCHSTR. 2956745 RIEDENDEUTSCHLAND +49 (0) 2655 .\u00a0 MAYEN POSTANSCHRIFT POSTFACH 11 5356701&#8230;<\/p>\n","protected":false},"author":1,"featured_media":0,"parent":0,"menu_order":0,"comment_status":"closed","ping_status":"closed","template":"page-full-width.php","meta":{"_acf_changed":false,"content-type":"","footnotes":""},"class_list":["post-1671","page","type-page","status-publish","hentry"],"acf":[],"_links":{"self":[{"href":"https:\/\/2024.seodef.com\/index.php\/wp-json\/wp\/v2\/pages\/1671","targetHints":{"allow":["GET"]}}],"collection":[{"href":"https:\/\/2024.seodef.com\/index.php\/wp-json\/wp\/v2\/pages"}],"about":[{"href":"https:\/\/2024.seodef.com\/index.php\/wp-json\/wp\/v2\/types\/page"}],"author":[{"embeddable":true,"href":"https:\/\/2024.seodef.com\/index.php\/wp-json\/wp\/v2\/users\/1"}],"replies":[{"embeddable":true,"href":"https:\/\/2024.seodef.com\/index.php\/wp-json\/wp\/v2\/comments?post=1671"}],"version-history":[{"count":19,"href":"https:\/\/2024.seodef.com\/index.php\/wp-json\/wp\/v2\/pages\/1671\/revisions"}],"predecessor-version":[{"id":13870,"href":"https:\/\/2024.seodef.com\/index.php\/wp-json\/wp\/v2\/pages\/1671\/revisions\/13870"}],"wp:attachment":[{"href":"https:\/\/2024.seodef.com\/index.php\/wp-json\/wp\/v2\/media?parent=1671"}],"curies":[{"name":"wp","href":"https:\/\/api.w.org\/{rel}","templated":true}]}}